).
50
Let p(q) = -643*q + 16607. What is p(26)?
-111
Let c(k) = -5*k**2 - 7*k + 109. Determine c(-7).
-87
Let a(x) = 4*x**2 + 532*x - 8260. Calculate a(-147).
-28
Let s(x) = -x**3 + 99*x**2 + 319*x - 1187. What is s(102)?
139
Let z(p) = -3*p**2 + 5114*p - 272195. What is z(55)?
0
Let t(r) = r**2 + 15*r - 294. Determine t(-35).
406
Let h(r) = -4*r**3 + 12*r**2 - 45*r + 39. Calculate h(1).
2
Let k(v) = 13*v**3 + 1970*v**2 - 902*v + 1527. What is k(-152)?
7
Let p(u) = -26*u**2 + 3367*u + 30443. Calculate p(-9).
-1966
Let u(x) = 3*x**2 + 483*x - 55923. Determine u(78).
3
Let a(q) = q**2 - 44812*q + 1164691. Give a(26).
255
Let p(k) = -4*k**2 - 2470*k + 168629. What is p(62)?
113
Let z(n) = 463*n**2 - 246*n - 17. What is z(3)?
3412
Let j(z) = z**3 - 535*z + 2617. Calculate j(5).
67
Let n(y) = y**3 - 7475*y**2 + 14877*y + 127. What is n(2)?
-11
Let q(n) = 2875*n + 2624987. Calculate q(-913).
112
Let i(u) = -u**2 + 37*u - 59. Calculate i(27).
211
Let f(v) = -14*v**3 - 45*v**2 + 119*v + 345. Give f(-3).
-39
Let b(x) = -901*x - 103584. What is b(-115)?
31
Let r(b) = -2*b**2 + 1143*b - 32495. Determine r(30).
-5
Let z(g) = g**3 + 148*g**2 - 551*g - 233. What is z(4)?
-5
Let r(v) = -149*v - 37444. Calculate r(-252).
104
Let c(v) = v**3 - 377*v**2 - 16229*v - 199. Calculate c(-39).
-4
Let o(n) = -419*n - 46395. Determine o(-111).
114
Let l(i) = -504328*i - 4034660. Determine l(-8).
-36
Let m(r) = 21526*r + 344391. Give m(-16).
-25
Let v(x) = -1511*x - 44307. What is v(-29)?
-488
Let p(q) = -1144*q - 88762. Determine p(-78).
470
Let g(o) = -2*o**3 - 180*o**2 + 1791*o - 157. What is g(9)?
-76
Let i(s) = -s**2 - 2194*s - 8737. Calculate i(-4).
23
Let c(b) = -65*b**2 - 517*b + 147. Determine c(-8).
123
Let p(a) = 29173*a + 350181. Calculate p(-12).
105
Let f(o) = 109*o - 10639. Give f(88).
-1047
Let k(n) = -10*n**2 + 538*n - 4685. Calculate k(8).
-1021
Let i(r) = 46863*r - 2155674. Give i(46).
24
Let m(n) = -8967*n - 744259. Give m(-83).
2
Let i(k) = -k**3 - 40*k**2 + 1442*k + 401. Determine i(23).
240
Let f(b) = -13113*b - 65604. Give f(-5).
-39
Let q(c) = -2*c**3 + 2104*c**2 + 169048*c - 152. Give q(-75).
-2
Let g(x) = -248*x**2 - 976*x + 1325. What is g(-5)?
5
Let i(j) = -2*j**2 + 1442*j + 31166. Determine i(-21).
2
Let i(h) = 5*h**2 + 96669*h - 1063954. Determine i(11).
10
Let m(s) = -s**3 - 38*s**2 + 326*s + 113. Give m(-45).
-382
Let p(l) = 141*l**2 + 446*l + 74. What is p(-3)?
5
Let v(k) = -25152*k + 1282740. Give v(51).
-12
Let j(b) = -8*b**2 + 367*b - 1566. Give j(41).
33
Let z(y) = 2*y**2 - 94*y + 91. Give z(43).
-253
Let z(j) = 1265*j + 21604. Calculate z(-17).
99
Let d(n) = -43*n**2 + 3072*n - 1341. Calculate d(71).
8
Let z(s) = s**2 + 20*s - 2359. Calculate z(-59).
-58
Let j(u) = -2*u**3 - 274*u**2 - 260*u + 1639. Calculate j(-136).
7
Let o(k) = -2*k**3 + 804*k**2 - 6328*k + 9453. Give o(394).
-3
Let b(j) = -j**3 + 246*j**2 - 1264*j + 307. What is b(5)?
12
Let m(j) = -2*j**3 - 3*j**2 - 865*j - 3523. Give m(-4).
17
Let n(p) = -4791*p - 536601. Give n(-112).
-9
Let v(r) = r**2 + 1299*r + 416590. What is v(-722)?
-4
Let j(k) = 20*k**3 + 13*k**2 + 33*k + 25. Determine j(-2).
-149
Let v(z) = -4*z**3 - 42*z**2 - 183*z - 1612. Give v(-10).
18
Let x(n) = -38894*n + 1866909. What is x(48)?
-3
Let i(n) = -41*n**2 - 161094*n + 322183. Calculate i(2).
-169
Let u(s) = 12*s**2 - 2133*s - 364. What is u(178)?
170
Let x(o) = 8*o**3 - 57*o**2 - 36*o + 566. Calculate x(7).
265
Let p(z) = -12*z**2 - 27*z + 53. What is p(2)?
-49
Let z(r) = r**3 + 9*r**2 - 35*r + 188. Calculate z(-15).
-637
Let y(c) = c**3 - 22*c**2 + 246*c - 1444. What is y(17)?
1293
Let m(f) = -8*f**2 - 710*f + 283. What is m(-89)?
105
Let o(g) = -g**3 + 95*g**2 - 973*g - 1680. Give o(83).
229
Let w(m) = -12*m**3 + 20*m**2 - 76*m + 61. Determine w(3).
-311
Let k(y) = 10*y**2 + 678*y + 299. Calculate k(-66).
-889
Let t(r) = 8*r**3 + 36*r**2 - 186*r + 140. Calculate t(5).
1110
Let i(f) = -5*f**2 + 1891*f + 13472. What is i(-7)?
-10
Let u(c) = c**3 - 320*c**2 + 4151*c - 440. Calculate u(13).
1640
Let z(c) = -14*c**2 + 1365*c - 11138. Give z(9).
13
Let f(r) = 5*r**2 - 11*r - 283. Determine f(-15).
1007
Let o(i) = 2*i**3 + 32*i**2 + 305*i + 1615. Calculate o(-9).
4
Let l(k) = -19*k**2 + 3696*k - 170762. Calculate l(119).
3
Let y(m) = -3*m**2 + 144*m - 1. What is y(50)?
-301
Let k(b) = b**3 - 44*b**2 + 252*b - 231. Calculate k(35).
-2436
Let f(x) = -495*x**2 + 2235*x + 34. Calculate f(5).
-1166
Let v(c) = -225*c**2 - 3568*c + 507. What is v(-16)?
-5
Let f(u) = 3110*u + 180414. Calculate f(-58).
34
Let o(l) = -5*l**3 - 146*l**2 + 130*l + 192. What is o(-30)?
-108
Let p(x) = 378190*x**2 + 378192*x - 1. Determine p(-1).
-3
Let v(i) = -i**3 + 364*i**2 + 2806*i - 1294. Determine v(-8).
66
Let n(r) = 5*r**3 + 10*r**2 - 1079*r - 3283. Calculate n(-3).
-91
Let x(r) = -2640*r**2 - 23832*r - 678. Calculate x(-9).
-30
Let x(t) = 14*t**2 - 552*t - 1647. Calculate x(-3).
135
Let g(r) = 2131*r - 10961. What is g(5)?
-306
Let n(r) = -1565*r**2 - 7831*r - 27. Give n(-5).
3
Let j(i) = -14*i**3 - 196*i**2 + 1744*i + 24417. What is j(-14)?
1
Let y(k) = -306138*k + 306131. Calculate y(1).
-7
Let h(c) = -c**3 + 23*c**2 - 90*c + 202. Give h(20).
-398
Let i(w) = 110061*w + 40. Give i(0).
40
Let c(z) = -271*z**2 + 21396*z + 1000. Give c(79).
-27
Let f(g) = g**2 + 332*g + 11961. What is f(-38)?
789
Let w(c) = -5*c**3 + 6*c**2 - 358*c + 694. Give w(2).
-38
Let x(w) = -22*w**2 - 72*w + 40. Determine x(-3).
58
Let z(y) = y**2 + 712*y + 121825. Calculate z(-286).
-11
Let p(g) = -336*g + 5358. Determine p(16).
-18
Let t(h) = -h**3 - 65*h**2 - 62*h - 11. Calculate t(-5).
-1201
Let u(o) = 1721*o - 25726. Determine u(15).
89
Let p(c) = 720*c**2 + 50*c - 71. Calculate p(1).
699
Let v(z) = -7233952*z + 7233953. Give v(1).
1
Let w(u) = 173706*u - 347530. Calculate w(2).
-118
Let r(z) = 3*z**3 - 12*z**2 + 2023*z - 27729. Give r(12).
3
Let a(f) = 5*f**2 - 2423*f + 105968. Determine a(436).
20
Let t(u) = 6*u**3 - 1547*u**2 + 3066*u + 28. Calculate t(2).
20
Let o(g) = 8*g**3 - 128*g**2 + 18*g - 307. Calculate o(16).
-19
Let q(m) = -294563*m - 6774953. Give q(-23).
-4
Let a(o) = 46*o**2 + 15484*o - 61907. Determine a(4).
765
Let h(m) = m**2 + 2192*m - 19994. What is h(9)?
-185
Let r(m) = 8*m**3 - 289*m**2 + 82*m - 1629. Give r(36).
27
Let n(v) = 19055*v + 266759. Determine n(-14).
-11
Let p(u) = -u**3 + 159*u**2 + 797*u + 616. Determine p(-4).
36
Let g(n) = -n**3 - 9*n**2 + 2034*n + 14298. Calculate g(-7).
-38
Let o(z) = z**2 + 434*z + 21747. Calculate o(-54).
1227
Let p(c) = -3*c**2 + 392*c - 6123. Determine p(18).
-39
Let q(s) = -2*s**2 - 503*s + 26702. Calculate q(46).
-668
Let a(l) = -2*l**3 - 7*l**2 + 20*l + 66. Give a(6).
-498
Let y(j) = -227*j**2 - 285*j + 923. Calculate y(4).
-3849
Let o(i) = -i**3 + 37*i**2 + 383*i + 1437. Give o(46).
11
Let j(b) = -25*b**2 - 125*b + 3163. Calculate j(9).
13
Let a(u) = -u**3 + 8*u**2 - 10415*u + 104157. Calculate a(10).
-193
Let s(k) = -8031*k - 208834. What is s(-26)?
-28
Let j(l) = 2*l**2 - 3882*l - 66558. Give j(-17).
14
Let s(j) = 7*j**3 - 13*j**2 - 29*j + 192. Calculate s(5).
597
Let w(m) = -9*m**3 - 135*m**2 + 119*m + 1837. Determine w(-15).
52
Let q(d) = -168211*d + 2523131. Calculate q(15).
-34
Let w(h) = 39*h - 2478. Determine w(19).
-1737
Let w(d) = -4*d**2 - 1006*d - 50018. Determine w(-68).
-106
Let o(p) = -39*p**2 + 4539*p - 1526. Determine o(116).
214
Let w(h) = -8508*h - 34024. Give w(-4).
8
Let n(a) = -a**3 - 82*a**2 - 84*a - 9. Determine n(-81).
234
Let h(o) = o**3 - 122*o**2 - 250*o + 209. Calculate h(124).
-39
Let u(b) = b**2 - 106*b - 4423. What is u(125)?
-2048
Let o(q) = 407*q**2 + 310930*q - 13756. Determine o(-764).
-4
Let b(w) = 263*w + 970. What is b(-2)?
444
Let v(n) = -n**3 - 125*n**2 - 1329*n + 13. Give v(-11).
838
Let k(q) = -156*q**2 - 33277*q - 10437. Determine k(-213).
0
Let p(v) = 3*v**3 - 77*v**2 + 63*v + 2110. Determine p(6).
364
Let c(z) = 4*z**2 + 1863*z + 9277. Give c(-5).
62
Let q(j) = 23*j**2 - 139*j + 33. Determine q(8).
393
Let t(k) = -k**3 + 200*k**2 + 823*k - 1356. What is t(204)?
72
Let r(f) = f**3 - 4195*f**2 - 46271*f - 51. Determine r(-11).
4
Let b(w) = -92*w**2 + 2854*w - 40. Determine b(31).
22
Let h(z) = 12*z**2 + 2219*z - 4658. What is h(-187)?
